- 1) + 3)) + 3
1
What is the value of -7 + 9 - (-1 - -5)?
-2
0 - 4 - (7 + -17 + 9)
-3
Calculate (-5 - (-20 - -10)) + -7.
-2
Evaluate (11 - 13) + (-1 - -10).
7
What is -7 - (3 - 4) - (1 + -3)?
-4
Evaluate (-7 - (-5 + -2)) + (0 - -2).
2
(-11 - (4 + -17)) + (-3 - 0)
-1
What is (-10 + 6 - 7) + 8?
-3
What is 2 + (1 - (-6 + 12)) + 4?
1
Evaluate -8 - 4 - (36 + -40).
-8
5 + 2 + -9 - (-5 - -3)
0
What is -1 + 1 + (1 - -1)?
2
-7 + 2 + 8 + -5
-2
What is the value of 7 + -12 + (3 - -3)?
1
Calculate 5 - 5 - (-2 + 6).
-4
What is the value of -8 - 2 - (-3 + -7 - -6)?
-6
Evaluate ((3 - 1) + -4 - -6) + -8.
-4
1 - (-4 + 1 - -3)
1
Evaluate (2 - 3) + (-1 - 1) + 5.
2
What is the value of 0 - ((-1 - -1) + (1 - -3))?
-4
Calculate -4 - (-10 - (-2 - 1)).
3
What is (4 - 2 - -3) + 4 + -3?
6
Calculate (2 - 6 - (2 + -5)) + 3.
2
What is the value of -1 + 23 + -107 + 95?
10
What is (0 - 0) + -7 + 4 + 7?
4
Calculate (5 - 5 - -3) + -4 + -1.
-2
Calculate -5 + 0 - -4 - (-7 - -7).
-1
What is 4 + (4 - 3) - -2?
7
Calculate -1 - 5 - (3 + 0 + -2).
-7
11 + 1 + 80 + -89
3
(1 + -5 - -5) + -5
-4
What is 0 - (2 + 0 - -2 - 1)?
-3
What is the value of 8 + -9 + (0 - -1)?
0
What is 6 + -13 + 1 + (3 - 2)?
-5
What is -9 + 8 - (-2 - -5)?
-4
0 - ((2 - -1) + -4)
1
Evaluate -5 - (4 + -1 + -9).
1
Evaluate -2 + (9 - 3) + -4.
0
What is -9 + (-3 + 3 - -2)?
-7
What is (0 - 3) + 3 - (2 - -2)?
-4
15 + -8 + -1 + -1 + -2
3
Evaluate (-1 - (-4 + 1)) + -5.
-3
Calculate 1 - -3 - (-1 - -8) - -8.
5
What is the value of -1 - -8 - (-10 - -14)?
3
Evaluate (1 - -3) + (-2 - (13 - 12)).
1
What is 12 + (-7 - -10 - 12)?
3
Calculate 5 + (-1 - (-3 - 0 - -3)).
4
0 - (8 - (8 + 3))
3
5 + (3 - (5 + 8))
-5
Calculate 13 + -5 + -4 + 0 + -8.
-4
What is (-4 - (3 + -10 + 2)) + -1?
0
Calculate -1 + 5 - ((17 - 39) + 28).
-2
Calculate (4 - (0 - -2)) + -5 + -1.
-4
What is the value of (26 - 19) + (-3 - -2) + 2?
8
Calculate (-4 - (12 - 5)) + 1.
-10
Calculate (-4 - 9 - -9) + -2 + 0.
-6
Evaluate 5 - (-5 + 4 - -13).
-7
What is (-8 - -4) + -3 + 4?
-3
7 + (8 - 5 - 6)
4
-9 - ((-7 - 1) + 0)
-1
Calculate 2 - (4 + 0 + -4).
2
What is (0 - 5) + (7 - 3)?
-1
Evaluate -9 - ((17 - 23) + 3 + -1).
-5
What is -1 + 5 - (3 + 0)?
1
Calculate -10 + -8 + 0 + 13 + 1.
-4
What is the value of -4 + (-2 - 0 - -2) - -10?
6
4 - (2 - 0) - -1
3
(10 - 0) + -27 - -10
-7
What is the value of -7 + 11 - (0 + (4 - 7))?
7
Calculate 4 + -3 + -1 - 2.
-2
Calculate 5 + (-2 - (-1 + 0)) - 1.
3
Evaluate (21 - (-6 - -17)) + -8.
2
3 + (-1 - 4) - -5
3
Evaluate (-4 - -8) + 1 - 3.
2
Evaluate 11 - 18 - (-2 - -1 - 1).
-5
Evaluate 4 + -4 + 2 - 5.
-3
Calculate 6 + (7 - 11) - -3.
5
What is the value of -4 + 0 - (6 - 2 - 6)?
-2
What is the value of -1 + (-2 - (-3 + 3)) - 2?
-5
Evaluate -2 - ((2 - -3 - 0) + -3).
-4
What is the value of -10 + (-1 - 1) + (89 - 85)?
-8
Calculate (-4 + 5 - 4) + 4.
1
What is the value of 1 + (0 - 4 - (-4 - -4))?
-3
Evaluate -5 - (-10 + (2 - -2) + 3).
-2
Evaluate -2 - (1 + -2) - (-18 + 19).
-2
What is (-5 + 5 - -5) + -10?
-5
What is -1 + 4 + 3 + -2 - 0?
4
0 + -7 + 7 + 0 + 0
0
What is (-2 + -5 - 5) + 10?
-2
What is the value of 15 + -16 + 7 + 5?
11
Calculate -9 - (-1 + -2) - -6.
0
What is (-12 + 10 - (3 + -2)) + 2?
-1
Calculate -3 + 0 + (6 + -2 - -4).
5
What is -1 - -2 - (-12 - -14)?
-1
Evaluate 7 + -15 + -2 + -3 + 8.
-5
Evaluate 13 - (-6 + (0 - -2) - -9).
8
What is the value of 7 + -3 - (3 - -4)?
-3
Evaluate 0 + -2 + 9 + -3 + -4.
0
Calculate 0 + 0 + 2 + 3.
5
Evaluate -7 + (1 - -5) - 3.
-4
What is the value of (2 - -4) + (13 - 15)?
4
Evaluate -5 + 9 + 2 + (-8 - -7).
5
What is the value of (3 - 1) + -8 - -9?
3
-6 - (-5 + 4 - -1) - -7
1
Evaluate 0 + 12 + -5 - 2.
5
What is 0 + 2 + 0 + 1 + -3?
0
What is -4 - ((-7 - -4) + 2 - 2)?
-1
Evaluate 6 + 3 - 6 - 0.
3
Evaluate 2 + (1 - (-3 + 2)).
4
Evaluate 8 - (-3 - -1 - -18).
-8
What is the value of -8 + (2 - 5) + 7?
-4
What is the value of 0 + -4 - 7 - -6?
-5
What is the value of -4 + (2 - (-5 + -3 + 15))?
-9
Calculate 1 + (-5 - -2 - -6) + -8.
-4
What is the value of (1 - -4) + -3 + (1 - -1)?
4
Calculate -11 + (-1 - -6) - -8 - -3.
5
Calculate -3 + (9 - (6 - 4)) + -4.
0
What is the value of (-1 - (2 - -2 - 3)) + 2?
0
Calculate -3 + -7 - (-13 - -9).
-6
Evaluate (-5 - -5) + 3 + -2 + 1.
2
Calculate 0 + -6 - ((-2 - -8) + -5).
-7
Calculate 7 + (-5 - -3) + 0.
5
(-5 - -1) + 10 - 2
4
0 + -4 + 3 - (0 - 0)
-1
Calculate (1 - (2 - -1)) + 9 + -2.
5
What is the value of 3 + (-1 - -5) - 10?
-3
2 + (1 - 3 - 3) - -2
-1
Evaluate 1 + -2 + -6 + 5 - 2.
-4
What is the value of 2 + -2 - (-2 - 2)?
4
What is 2 + 0 - -1 - (-4 - -4)?
3
Calculate 6 + 1 + -4 - (-1 + 7).
-3
Evaluate 8 + -4 + 1 + -4 - -2.
3
Calculate 5 + 5 - (-3 + 4).
9
-7 + 0 + 3 + 2
-2
Evaluate -8 + (23 - (6 - -5)).
4
Calculate (-7 + 7 - -2) + -6.
-4
What is (-7 - -5) + (-4 - -1)?
-5
What is the value of (-12 + 13 - 0) + -6?
-5
What is 9 - (0 - -5) - 0?
4
Evaluate (-48 - -50) + 6 + 2.
10
2 + 2 + -3 + -5
-4
What is 6 - (2 - (4 - 15)) - -8?
1
-18 - -24 - (5 + (6 - 0))
-5
-11 - (4 + 1 - 7)
-9
Calculate -7 + (2 - -1 - (6 - 5)).
-5
What is -3 + 3 - -4 - 3?
1
Evaluate -21 + 8 + (7 - 2).
-8
Calculate 19 + -4 - 8 - 14.
-7
(10 - 8) + -1 + 1 + 3
5
Evaluate 13 - 1 - (0 - -8).
4
What is the value of 4 - (14 + -6 - 0)?
-4
What is the value of -1 + 3 + 34 + -27?
9
What is 0 - (1 - (3 + -5))?
-3
What is the value of 2 + -3 + 4 + -3?
0
What is -1 + 0 + 6 + (-2 - 2)?
1
-2 + -5 + 6 - (-4 + 1)
2
What is the value of 3 + 2 + (5 - -1) + -9?
2
Evaluate -15 + 15 - (4 + -1 - 4).
1
What is the value of (-5 - -3) + 9 - (-51 + 49)?
9
Evaluate 2 - (-9 + 7) - (-1 + 5).
0
Evaluate (135 - 144) + (5 - -1).
-3
What is 2 + 0 + (5 + 3 - 5)?
5
-3 - 8 - (7 + -17)
-1
What is the value of 4 + -3 + (-3 + 0 - 2)?
-4
Evaluate 1 + 0 + (7 - 0 - 4).
4
What is -18 + 16 + -8 - -6?
-4
Calculate -3 + (12 - 8) + 6.
7
What is the value of -1 - 2 - -2 - (11 + -9)?
-3
What is 13 + -11 + -2 + 1?
1
-4 + (-5 + -4 - -10)
-3
-5 + (3 + 1 - (2 - 1))
-2
6 + 15 + -26 - -2
-3
Calculate -1 + 1 - (-2 - (7 - 5)).
4
Evaluate -2 - (-3 + 4 + -3).
0
What is the value of (7 - -5) + 2 + -8?
6
0 - (-1 + 4 - (-3 - -5))
-1
Calculate (-12 + 4 - -9) + 4.
5
Calculate 6 - (-3 + (5 - 0) + 6).
-2
What is 1 - 10 - (-10 + 1)?
0
What is 0 - (0 + -4 + (0 - 1))?
5
What is the value of 3 + (0 - (-1 - 1))?
5
Calculate 0 - 3 - -6 - 8.
-5
Calculate 5 + -7 + (6 - 6).
-2
Evaluate (-2 - -1) + (6 - 9).
-4
(9 - -13) + (2 - 14)
10
3 - ((-3 - -3) + 5) - 2
-4
What is the value of 1 - ((1 - -3) + (-17 - -11))?
3
Calculate 2 - (-2 + -1 + (0 - 0)).
5
Calculate -4 + 11 + -5 + 5.
7
Evaluate -3 + (-3 - (-9 - 2)).
5
What is the value of 3 + (9 - (1 + 14))?
-3
3 + 6 + -5 + 1
5
What is the value of (8 - 0) + -28 + 13?
-7
What is 2 - 4 - (5 - 3)?
-4
Calculate -8 - (-6 + 4) - -7.
1
What is the value of 7 + (-12 - 0) + 4 + 2?
1
What is -3 + 2 - -5 - (-124 + 117)?
11
What is -3 - -8 - (2 + 5 + -6)?
4
What is (-4 + 2 - -11) + -13?
-4
What is -8 + 0 + 14 + (1 - 1)?
6
Calculate 11 - 5 - (6 - -1).
-1
What is 5 + (5 - 12 - -5)?
3
Evaluate -8 - -18 - (0 - -3).
7
(-6 + 1 - -13) + -2 + -2
4
7 + -2 - (-4 + (2 - -6))
1
Calculate -256 - -253 - (-1 - -2 - 8).
4
Evaluate -4 + (-11 - -3) + 14.
2
What is the value of 1 + -4 + (13 + -8 - 3)?
-1
Evaluate (-15 - (-13 + 1)) + 3.
0
Evaluate 1 - (4 - 3 - (-3 - 1)).
-4
Evaluate -3 - (-5 - (6 + -7)).
1
What is the value of 4 + (2 - 0) + -1?
5
-4 + 4 + (0 - -3) + 0
3
What is the value of 1 - (-3 + (0 + 1 - 2))?
5
Calculate -1 - (-3 - 3 - -2).
3
What is the value of 9 + (7 - 12) + 2 + -6?
0
What is (-5 - 2) + 1 + 9 + -6?
-3
Calculate -3 - (0 + (1 - -1) + -7).
2
Calculate 0 + 3 + 4 - 3.
4
What is (-5 - -6) + 4 + -2 + -9?
-6
Calculate 5 + 0 + -11 - -3.
-3
What is the value of 2 + 1 + -6 - (-2 - -2)?
-3
-2 + (-3 - 0) + 9
4
Evaluate (2 - (1 + 3) - 3) + 2.
-3
(4 - (-2 + 4)) + 6 + -6
2
What is (-1 - 4) + -6 + 13 + -6?
-4
Calculate (-5 - (7 + -6 + 6)) + 4.
-8
What is the value of -3 + (-5 + 7 - -1)?
0
Calculate 1 + (7 - 2) + (-3 - 0).
3
What is 3 - (5 - 5) - 1?
2
What is the value of 1 - 0 - ((7 - -5) + -8)?
-3
-40 - -43 - (8 - -1)
-6
Evaluate -3 + 4 + (3 - 9).
-5
(5 - (4 - -2)) + 0 + -3
-4
Calculate (3 - (7 + (-1 - -1))) + 3.
-1
What is 1 + 6 - (4 + 0 - -7)?
-4
What is (51 - 59) + (-2 - -9)?
-1
What is 3 + (-7 - (-3 - (-6 + 3)))?
-4
Calculate -4 + -3 + 10 + 6 + -1.
8
What is t